m**3. Let l(y) = y**2 + 2*y + 3. Let b be l(-3). Determine v(b).
19
Let t(x) = 5*x**3 + 10*x**2 - 5*x - 3. Let s(f) = 7*f**3 + 10*f**2 - 4*f - 4. Let c(a) = -3*s(a) + 4*t(a). Suppose -4*q + 31 + 5 = 0. What is c(q)?
9
Suppose -6 = -2*d + 2*r, 2*d + 3*r - 2*r - 3 = 0. Suppose 2*s - s = 3*f + 2, -3*f = d*s - 13. Let t(a) = 2*a**2 - 8*a + 3. Give t(s).
13
Let m be ((-6)/(-1) - (20 - 16))/2. Let n(u) = -6*u + 6*u - 10*u. Determine n(m).
-10
Let c = -29 + 10. Let d = c - -21. Suppose -2 = -2*g - 0*g + d*a, -6 = 2*g - 4*a. Let f(k) = -k**3 + 4*k**2 + 5*k + 7. Calculate f(g).
7
Let c(g) = -g**2 + 14*g - 30. Let m(s) = -s**3 - 15*s**2 + 11*s - 68. Let t be m(-16). Determine c(t).
-6
Let k(g) = 0*g + 68293*g**3 - 4*g**2 + 8 - 68292*g**3 + 2*g. Determine k(4).
16
Let q(h) = 10*h**2 + 2 + 6 - 3*h**2 + 22*h**3 - 21*h**3 + 8*h. Give q(-6).
-4
Let t(k) be the first derivative of -k**3/3 + 5*k**2 - 6*k - 468. Calculate t(7).
15
Let h(k) = -k**2 + 2 + 11*k - 3*k - 6*k - 6. Let p(q) = -q**3 + q**2 + q + 4. Let f be p(0). Calculate h(f).
-12
Let o(m) be the third derivative of -m**5/60 - m**4/2 - 8*m**3/3 + 133*m**2. Calculate o(-12).
-16
Let j(y) = -y**3 + 6*y**2 - y + 5. Suppose -3*x = -x, 30 = 5*z + x. Calculate j(z).
-1
Let j be (15/4)/(15/(-40)). Let g(o) = -o**3 - 9*o**2 + 11*o + 4. Determine g(j).
-6
Let d be 6/(-27) + (-64)/36 + 4. Let t(m) = -2*m - m**2 + 5*m**2 + 120 + 3*m - 121. What is t(d)?
17
Let q(o) = -o**3 - o**2 + 3*o - 2. Let d be q(2). Let y = d - -11. Let f(t) = 4*t**2 - 4 + 5*t - 7*t**2 - 2*t**2 + t**y. Give f(3).
-7
Suppose 4 = c, 4*y - 4 = -y + 4*c. Suppose -d = -2*o, -5*o + d = -0*o - 6. Let u(x) = 5*x - 8 + o - x - x. What is u(y)?
6
Let u(d) = -6*d**2 - 4*d - 1. Let k be ((13 - 8) + -1)*(-3)/4. Calculate u(k).
-43
Let l(s) = 3*s + 41. Let f(x) = -x**2 + 10*x - 39. Let z be f(5). Give l(z).
-1
Let w(k) = -14*k**2 + k + 2. Suppose -285*r = -273*r - 24. What is w(r)?
-52
Let o(m) = -5*m**2 - 12*m - 6. Suppose 2*i + 4*c + 4 = 7*i, -2*c + 20 = 3*i. Let y(q) = -11*q**2 - 25*q - 11. Let l(k) = i*y(k) - 9*o(k). Determine l(-7).
3
Suppose 4*s + 20 = -2*j, 3*s + 9 = -0*s. Let o(y) = y**3 + 5*y**2 + 7*y + 4. Give o(j).
-8
Let w(i) = 2*i**2 + 12*i + 3. Let y be w(-6). Suppose 2*a + 2*j = 2 + 14, y*j = 5*a - 8. Let q(d) = -d**2 + 7*d + 5. Determine q(a).
17
Let w(h) be the second derivative of -h**5/5 - h**4/12 + h**3/6 + h**2/2 + h. Let l = 27 - 22. Suppose -l*j = y, -3*j - 4*y + 22 = y. Give w(j).
3
Let b = -3 + 5. Let p(g) = 7*g**2 + 3*g**2 + 9*g**b - 22*g**2 + 3 + g**3. Let z = 1 - -2. Calculate p(z).
3
Let g(s) be the second derivative of -s**3/3 + 3*s**2 + s. Let j = 31 - 26. Give g(j).
-4
Let a(u) = -u**2 + 9*u. Let z(b) = -6*b**2 + 49*b. Let c(w) = -11*a(w) + 2*z(w). Give c(5).
-30
Let d = -67 + 69. Let l(t) = 83*t**2 - d*t - 3*t - 86*t**2 + 4 + t**3. What is l(4)?
0
Let a(g) be the first derivative of -g**3/3 - 4*g**2 - 13*g + 13. Let i be a(-6). Let s(l) = l - l**2 - l**3 + 0*l + 1 - 4*l**3. Give s(i).
4
Let g(t) = -t**3 + t**2 + 7. Suppose q = -3 + 5. Suppose 0 = 2*y + 3*k - 12, -3*y - q*k + 8 = -0*k. Give g(y).
7
Let a(u) = -u**2 + 1. Let q be a(1). Let s(y) = y + 2. Let n be s(q). Let c(m) = -2 - 4*m**2 + 5*m**n - m**3 - 8*m**2 - 7*m. Determine c(-6).
4
Let t(c) = -c - 5. Suppose 0*a + 11*a - 66 = 0. Give t(a).
-11
Suppose -8*j + 13*j = 195. Suppose -q + 14*q = j. Let n(u) = -u - 1. Let z(d) = -d**2 - 2*d. Let x(y) = 2*n(y) - z(y). Determine x(q).
7
Suppose -3*q = -q - 5*m + 1, -2 = -q + 3*m. Let t = -6 - q. Let b be 0 + t + -3 + 2. Let z(n) = n**2 - 8*n + 7. Calculate z(b).
-5
Suppose -2*h - 1 = -3*f + 24, 2*f - 15 = h. Let d(r) = -5*r**3 + 19*r**2 - 9. Let i(s) = -s**3 + 2*s**2 - s - 1. Let w(g) = d(g) - 6*i(g). Give w(h).
17
Let o(n) = n**3 + 5*n**2 - 9*n - 16. Let t be o(-6). Let i(c) = -c**3 + 0*c**t - 6 + 2*c - 5*c**2 - c + 4. What is i(-4)?
-22
Let q = 16 + -14. Suppose 4*c + 6 = -q*c. Let l(v) = 15*v**2 - v - 1. What is l(c)?
15
Let m(j) be the second derivative of j**4/6 - j**3/3 - 3*j**2/2 + 2*j. Let l(k) = -135*k - 1482. Let w be l(-11). Give m(w).
9
Let w = 0 + 4. Suppose 0 = -2*a + 4*a + w. Let g(s) = -12*s + 111. Let c(n) = -n + 6. Let p(k) = 18*c(k) - g(k). Give p(a).
9
Let u(j) be the third derivative of 0*j - 11*j**2 - 1/6*j**3 - 1/6*j**4 + 0. Calculate u(-1).
3
Let h(y) = 3 - 2*y - 6*y**2 + 0*y + 2 - 4. Let s = -10 + 8. Let o be (-3 + 4)*(-2)/s. Calculate h(o).
-7
Let s be 3/(-1)*20/36*39. Let d = s - -64. Let l(n) = -15*n - 1. Calculate l(d).
14
Let z(d) = 2*d**2 + 7*d + 2. Let h(k) = k - 1. Let l(t) = 6*h(t) + z(t). What is l(-7)?
3
Let y(c) = c**3 + 2*c**2 + c + 2. Suppose 0 = 3*a + 2*n + 5, 6*a - 5*a - 17 = 4*n. Suppose -a = 2*s - 4*d - 17, 4*s = 5*d + 17. Give y(s).
0
Let m = 13 + -8. Let t(h) = -3*h**3 - h**3 - 2*h - 7*h**2 + m*h**3 + 9. Suppose 0 = -4*l + 5*l - 7. Determine t(l).
-5
Let k be 12/(-8)*(-12)/9. Let p(d) = 3 - d + 15*d**k - 4 - 14*d**2. Calculate p(0).
-1
Suppose 12*k = 20*k - 72. Let j be ((0 - 1) + 15/k)*-3. Let a(h) = h**3 - h**2 + h + 1. What is a(j)?
-13
Let f(u) = -u**2 - 6*u - 3. Let n be (-3 + 3 + 0)/2. Let w(b) = 5*b**2 + 1. Let v be w(1). Suppose n = c - 3*c - v. Calculate f(c).
6
Let b(d) = d + d**2 - 7 + 2*d**2 - d**3 + 5 - 3*d. Calculate b(2).
-2
Let l(w) = 5 - 3 - 2 + 1 - 2*w. Let m(t) = -t**2 - 18*t - 18. Let o be m(-12). Suppose 64 = 5*i + o. What is l(i)?
-3
Let j(d) = -d - 16. Let k(m) = -3*m - 50. Let l(x) = 10*j(x) - 3*k(x). Calculate l(7).
-17
Let p(o) = -7*o - 1. Suppose 5*w - 5*z = 2*w - 9, 5*z = w + 3. Let v(f) = -7*f - 1. Let y be v(w). Let r = -18 + y. Give p(r).
-15
Let m(l) = -l + 1. Let d be m(-3). Suppose -5*y + 2 = 2*j - 1, -3*y = -d*j + 19. Let t(w) = 4*w + 7. Let o(f) = -1. Let s(r) = -6*o(r) - t(r). Give s(y).
3
Let u(p) = 11*p - 1. Suppose -3 = s - 9. Let j(n) = 5*n**2 + 4*n - 9. Let r(l) = 4*l**2 + 2*l - 10. Let x(w) = 3*j(w) - 4*r(w). Let o be x(s). Give u(o).
10
Let v be (12/(-24))/(2/4). Let i(g) = 14*g**3 + 3*g + 11. Let b(r) = -5*r**3 - r - 4. Let u(f) = 8*b(f) + 3*i(f). Give u(v).
-2
Let v = -1 + 2. Suppose 0 = -4*l - 5*k + 5, 2*l - 2*k - 7 = 9. Suppose l*w - v + 26 = 0. Let m(b) = b**3 + 5*b**2 + 3*b + 5. What is m(w)?
-10
Let q(x) = 0 + 5*x**2 + 6 + x**3 - 2*x**3 + 6*x. Suppose 3*n = -w + 18, -5*w = -4*n + 86 - 62. Determine q(n).
6
Suppose 2*g = j + 6, 10*j - 8*j = -g - 2. Let y(m) = 4*m + 1. Determine y(g).
9
Let j(g) = 63*g**2 + 43*g - 28. Let b(k) = 29*k**2 + 21*k - 15. Let p(z) = 13*b(z) - 6*j(z). What is p(13)?
-1
Let g(k) = -k**3 + 9*k**2 + 9*k + 9. Let z be (-426)/168*-4 + (-3)/21. What is g(z)?
-1
Let s(t) = -t**2 + 12*t - 11. Let h be s(11). Suppose o + 3*o = h. Let r(l) = -2*l + 4 + 8*l**2 - l**3 + o*l**3 - 2*l**2 + 0*l**3. Calculate r(6).
-8
Let r(u) = 37*u**3 - 2*u**2 + 5*u - 5. Let k be r(2). Let z(a) = -1 - 2*a + 12*a**3 + 293*a**2 - k*a**2. Calculate z(-1).
-11
Let j(t) = -25 + 49 + 2*t - 21 + 0*t. What is j(-7)?
-11
Let a(k) be the second derivative of -k**7/840 + k**6/72 - k**5/60 + 2*k**3/3 + 8*k. Let b(x) be the second derivative of a(x). Determine b(5).
-10
Suppose 0 = -2*v + 3 - 1. Let t(i) = -i**2 - i. Let l(q) be the first derivative of -2*q**3/3 + q**2/2 - 3*q + 1. Let p(x) = v*l(x) - t(x). Calculate p(4).
-11
Let t = -3 - -5. Let o(k) = -k**3 - 6*k**2 - 2*k - 3. Let a(f) = -2*f**3 - 7*f**2 - 3*f - 4. Let m(q) = t*a(q) - 3*o(q). What is m(4)?
1
Let t = -89 + 137. Let j be (-4)/6 + t/18. Let p(w) = w - 3. Give p(j).
-1
Let d(j) = -j - 1. Let p be d(-6). Suppose 2*u = 748 - 744. Let o(f) = 6*f + p + 1 + f**u + 3 + 4*f. What is o(-7)?
-12
Suppose 4*m = 79 + 21. Suppose -m = 5*b, -2*g = b - 5*b - 38. Suppose 2*s - g = -f - 30, f - 35 = 5*s. Let w(l) = l**2 + 7*l - 5. Give w(s).
3
Let w(s) = -s - 7. Let z be w(-7). Let j(o) be the first derivative of -o**4/4 + o**3/3 + o**2/2 + 7*o + 341. Calculate j(z).
7
Let d be 0/(16/4 - 6). Let n(h) = -5*h**3 - 5*h**2 + 5*h + 87. Let l(k) = 2*k**3 + 2*k**2 - 2*k - 29. Let s(v) = 8*l(v) + 3*n(v). What is s(d)?
29
Let h(q) = q**2 + q + 1. Let l(v) = v**3 + 3 + 6*v**3 + 6*v**2 + 4*v + v**3. Suppose 16*o + 0 = -16. Let c(w) = o*l(w) + 4*h(w). What is c(1)?
-9
Let m(b) be the third derivative of -b**4/6 + b**3/2 + 10*b**2. Suppose -f - 2 = -4. What is m(f)?
-5
Let d(r) = -538*r + 40 + 544*r - 26.